prime factors of f?
2, 2027
Suppose 3*p - 431 = 103. Let o = 375 - p. Let i = -117 + o. What are the prime factors of i?
2, 5
Let y(r) = r**2 - 8*r - 101. Suppose 8*h = 5*h - 45. What are the prime factors of y(h)?
2, 61
What are the prime factors of 6/336*14*84788?
11, 41, 47
What are the prime factors of (12/5)/(36/355230)?
2, 3, 3947
Let v(j) = -j**2 + 29*j - 49. Let n be v(24). Let r = n - 67. Suppose 5*u - 1180 = -r*l, 4*l + u = 2*l + 596. List the prime factors of l.
2, 3, 5
Suppose -23*a + 5721 + 18153 = 0. List the prime factors of a.
2, 3, 173
Let y(o) = -2*o**3 + 19*o**2 + 10*o - 5. Let c be y(10). List the prime factors of 4*(-4)/(1 + c) + 316.
2, 5
List the prime factors of -8 + ((-109690)/28 + -11)*88/(-6).
2, 5, 7, 823
Let f(p) = 22*p - 14. Let i(h) = h**3 + h**2 + 4. Let b be i(0). Suppose 0 = -b*w + u + u + 8, -5*w + 12 = -2*u. What are the prime factors of f(w)?
2, 37
What are the prime factors of -1584*(1023/(-66) + -3 + 4 + 0)?
2, 3, 11, 29
Let x(f) = 549*f - 702. List the prime factors of x(30).
2, 3, 73
Let i(w) = -w**3 - 69*w**2 + 11*w - 109. List the prime factors of i(-79).
2, 7, 1097
Suppose -2*g - 4*h = -1576, g + h - 803 = 4*h. Let c = g - 726. What are the prime factors of c?
2, 17
Let g(z) = 43*z - 35. Let u(x) = x**3 + 18*x**2 + 32*x + 20. Let l be u(-16). List the prime factors of g(l).
3, 5, 11
Let j(u) = -10*u + 9. Let n be j(13). Let m be -2 + 0 + 2 + -42. Let v = m - n. What are the prime factors of v?
79
Suppose -3*f + 1405 = 5*w - 3850, -1051 = -w + f. Suppose 1060*r = w*r + 9603. List the prime factors of r.
11, 97
Let k = -938 + 1856. Let r = k - 48. List the prime factors of r.
2, 3, 5, 29
Let u = -2811 + 3426. What are the prime factors of u?
3, 5, 41
Let n = -58675 - -112038. List the prime factors of n.
17, 43, 73
Let h be 3514/4 - 72/(-144). Suppose 2*r = -j - r + h, 2*j - 3*r = 1749. What are the prime factors of j?
2, 3, 73
Let j be 56 + (0 - 0) + -2 + 0. Let a = -56 + j. List the prime factors of 230/2 - (0 + a).
3, 13
Let h = -51 - -92. Let j = h - 37. What are the prime factors of (819/26)/(2/j)?
3, 7
Let n(k) = 15*k + 59 + 43*k**2 - 5*k - 42*k**2. What are the prime factors of n(-12)?
83
Let j(b) = -28*b + 15. Let y(p) = 30*p - 16. Let r(v) = 5*j(v) + 4*y(v). What are the prime factors of r(-9)?
191
Let s(b) = -2*b**3 + 4*b**2 + 4*b - 7. Suppose 7*n - 11 = 8*n. Let r = n - -7. List the prime factors of s(r).
13
Let k = 17334 + -1250. What are the prime factors of k?
2, 4021
Let u(f) = -f**2 - f + 1. Let x(z) = -z**3 + 12*z**2 + 4*z. Let j(d) = -6*u(d) - x(d). Let a be j(6). Suppose -a*r - 291 = -9*r. List the prime factors of r.
97
Suppose 3*i + 19 = 49. Let w(s) = -12*s + 0 - 6 - i*s. List the prime factors of w(-7).
2, 37
Let c(l) = 9*l**3 - 16*l**2 + l - 563. Let y(u) = 4*u**3 - 7*u**2 - 282. Let v(q) = 3*c(q) - 7*y(q). List the prime factors of v(0).
3, 5, 19
Let m(t) = -3*t**2 + 3 + 5*t**2 + 4*t - 6*t + t**2 - 23*t**3 - 8*t. List the prime factors of m(-4).
3, 521
Suppose 10*t - 332 + 333 = 1791. What are the prime factors of t?
179
Suppose 0 = -53*p + 920932 - 285091. What are the prime factors of p?
3, 31, 43
Let i(h) = -17 - 86*h - 75*h - 153*h. What are the prime factors of i(-4)?
3, 7, 59
What are the prime factors of 100/125*(-1835)/(-2)?
2, 367
Let u be (-8)/(-52) + 39445/65. Let f = -335 + u. List the prime factors of f.
2, 17
Let f = 84597 + -19169. What are the prime factors of f?
2, 11, 1487
Suppose -11*z - 4*k = -16*z + 2826, 4*z - 2263 = k. What are the prime factors of z?
2, 283
Let m(g) = -140*g - 17. Let p be m(3). Let i = 934 + p. Suppose 0 = v - s - 97, i = 3*v + 2*v + s. List the prime factors of v.
3, 11
Let c = -279 - -279. Suppose 0 = -h - 0 + 7. Suppose c = -14*x + h*x + 1008. List the prime factors of x.
2, 3
What are the prime factors of (-3 + -5)*550086/(-272)?
3, 5393
What are the prime factors of (-324021)/(-33) - (4 + (-230)/55)?
3, 1091
Let l(p) = -p**2 + 7*p + 6. Let j = -41 - -45. Let m be l(j). Suppose z = 92 - m. What are the prime factors of z?
2, 37
Let r(j) = j**2 + 21*j + 41. Let c be r(-19). Suppose 0 = 5*l - 5*u - 485, 0 = 2*l + c*l - 4*u - 480. List the prime factors of l.
2, 23
Let q(g) = -4*g**3 - 8*g**2 + 9*g + 16. Let n be q(-2). Let c(t) = 29*t**2 + 1 + 0*t + 2 - t. List the prime factors of c(n).
11
What are the prime factors of (34555/(-10))/((-88)/(-16) + -6)?
6911
Let b(x) = 7485*x + 9. What are the prime factors of b(1)?
2, 3, 1249
Let f(i) = i**3 - 59*i**2 - 160*i - 133. List the prime factors of f(66).
13, 1523
Let l be -18 - (0 + -1 + -9 + 7). What are the prime factors of (3 + 54/l)*2675/(-5)?
3, 107
Suppose -2*u - 39 = 43. Let v = u + 91. Suppose 4*k - 174 - v = 0. List the prime factors of k.
2, 7
Suppose 1681 = -5*h - 1609. Let x = 1259 + h. List the prime factors of x.
601
Suppose 5*x - 3*k = 19499, -10*k + 19513 = 5*x - 6*k. Suppose 27*p - x - 8870 = 0. List the prime factors of p.
11, 43
Let t = 79 + -1024. Let b = -298 - t. What are the prime factors of b?
647
Suppose 2*g - 328 = 4*q, 0*g + 5*q = -4*g + 617. Suppose v + 522 = 3*w + g, v + 1 = 0. What are the prime factors of w?
11
What are the prime factors of 5/2 + 6270061/406?
2, 7723
Suppose -237 = 3*s - 60. Let w = s - -70. Let d(p) = -p**2 + 13*p - 2. What are the prime factors of d(w)?
2, 5
Let r = -387 + 559. Suppose -3*d - 4*j = -r, -2*d - 3*d = -4*j - 276. List the prime factors of d.
2, 7
Let a(w) = w**3 - 14*w**2 + 25*w - 23. Let j(g) = 235 - 235 + 14*g - g**2. Let q be j(13). List the prime factors of a(q).
7, 19
Suppose 187*z - 159268 = 162446 - 106664. List the prime factors of z.
2, 5, 23
Suppose -6 = -2*w, 2*w = z - 137 - 274. Suppose z = 4*q + 2*d - 485, 5*d - 666 = -3*q. What are the prime factors of q?
227
Suppose 3 = -4*o + 11. Suppose 5*f - 3*i - 1890 = o*i, 5*i - 1880 = -5*f. What are the prime factors of f?
13, 29
Suppose 28*x - 42608 - 408996 - 267996 = 0. List the prime factors of x.
2, 5, 257
Let z(w) = 48*w**2 + 23*w + 423. List the prime factors of z(-11).
2, 7, 61
Let i = -5594 + 7138. What are the prime factors of i?
2, 193
Let h = 27261 - 1329. What are the prime factors of h?
2, 3, 2161
Let w(z) = 2*z**2 - 9*z + 12. Let t be w(11). Suppose -3*h + t = -2*b, -h + 4*b = -0*h - 55. Suppose 12 = c - h. List the prime factors of c.
3, 7
Let o = -21777 + 47037. What are the prime factors of o?
2, 3, 5, 421
Let m(i) = i**3 + 11*i**2 - 10*i - 15. Let g be m(-12). Let c = 41 + g. Suppose 0 = -3*h - c*h + 485. What are the prime factors of h?
97
What are the prime factors of (23 - 24)*((-18)/6 + -67330)?
7, 9619
Let s(o) = -o**3 - 13*o**2 - 3*o - 13. Suppose h + 2*h + b - 90 = 0, h - 30 = 3*b. Let g = h + -43. List the prime factors of s(g).
2, 13
Let a = 64 + -60. Let f(m) = 33*m + 11. What are the prime factors of f(a)?
11, 13
List the prime factors of 1 + 35/(-45) + 199929/27 - 5.
2, 5, 37
Let r be 5/20*2 + 135/(-2). Let g = r + 61. What are the prime factors of g/(-144)*6 - 103/(-4)?
2, 13
What are the prime factors of (1505/(-43) - -29) + 70*286?
2, 10007
Suppose 41*u - 1323957 = -12*u + 621779. What are the prime factors of u?
2, 13, 353
Let i(f) = f + 15. Let o(s) = 4*s + 74. Let p(h) = -16*i(h) + 3*o(h). Let y be p(-5). What are the prime factors of ((-668)/(-12))/(y/6)?
167
Let w(r) = -7*r - 28. Let l be w(-2). What are the prime factors of (l - (9 - 13))*(-1 + -141)?
2, 5, 71
Suppose 0 = -4*z - z + 4*m - 270, -5*m + 125 = -2*z. List the prime factors of (z/(-20))/((9/3)/624).
2, 5, 13
Let h be 0/(-2 - -6) + -63. What are the prime factors of (-1944)/h*(16/6 + 2)?
2, 3
List the prime factors of (237401/(-2))/(1638/(-468)) - (-8)/14.
3, 5, 7, 17, 19
Suppose 1 = 3*c - 17. List the prime factors of -4 + (-882)/c*-1.
11, 13
Suppose -2*j = 526*p - 524*p - 61842, 2*p = 4*j - 123732. What are the prime factors of j?
157, 197
Suppose -32*i + 39*i - 34863 = 26975. What are the prime factors of i?
2, 7, 631
Let i = 879 + -506. Let m = -288 + i. What are the prime factors of m?
5, 17
Suppose -30*a = -5380 + 18100. Let n = a - -1029. List the prime factors of n.
5, 11
What are the prime factors of (-37 - -33 - (-22)/4)*228382/7?
3, 11, 1483
Suppose 0 = 14*k + k - 23*k. Suppose z - 88 - 216 = k. List the prime factors of z.
2, 19
Suppose -r + 1 - 10 = 0. Le